{"id":10603,"date":"2024-09-03T09:03:32","date_gmt":"2024-09-03T07:03:32","guid":{"rendered":"https:\/\/dev.sm360.no\/nectarshop\/products\/ginny-bow-dress-toile\/"},"modified":"2025-09-28T08:48:57","modified_gmt":"2025-09-28T06:48:57","slug":"ginny-bow-dress-toile","status":"publish","type":"product","link":"https:\/\/dev.sm360.no\/nectarshop\/produkter\/ginny-bow-dress-toile\/","title":{"rendered":"Ginny Bow Dress &#8211; Toile"},"content":{"rendered":"<p><img fetchpriority=\"high\" decoding=\"async\" class=\"alignnone size-medium wp-image-11943\" src=\"https:\/\/dev.sm360.no\/nectarshop\/wp-content\/uploads\/2024\/09\/unnamed-12-300x214.jpg\" alt=\"\" width=\"300\" height=\"214\" srcset=\"https:\/\/dev.sm360.no\/nectarshop\/wp-content\/uploads\/2024\/09\/unnamed-12-300x214.jpg 300w, https:\/\/dev.sm360.no\/nectarshop\/wp-content\/uploads\/2024\/09\/unnamed-12-64x46.jpg 64w, https:\/\/dev.sm360.no\/nectarshop\/wp-content\/uploads\/2024\/09\/unnamed-12-768x549.jpg 768w, https:\/\/dev.sm360.no\/nectarshop\/wp-content\/uploads\/2024\/09\/unnamed-12-370x265.jpg 370w, https:\/\/dev.sm360.no\/nectarshop\/wp-content\/uploads\/2024\/09\/unnamed-12-600x429.jpg 600w, https:\/\/dev.sm360.no\/nectarshop\/wp-content\/uploads\/2024\/09\/unnamed-12-80x57.jpg 80w, https:\/\/dev.sm360.no\/nectarshop\/wp-content\/uploads\/2024\/09\/unnamed-12.jpg 827w\" sizes=\"(max-width: 300px) 100vw, 300px\" \/><\/p>\n<p>Merk at brystm\u00e5let m\u00e5 ganges med to (dobles) for \u00e5 f\u00e5 omkretsen<\/p>\n<p>&nbsp;<\/p>\n<p>&nbsp;<\/p>\n","protected":false},"excerpt":{"rendered":"<p>R\u00e5lekker kjole til kn\u00e6rne i et vakkert unikt print. Kjolen har b\u00e5nd som enten kan knytes foran i sl\u00f8yfe, henge l\u00f8st eller knyte bak i nakken.<\/p>\n<p>Poly blend<\/p>\n<p>Hedda er 178 cm og bruker str. S.<\/p>\n","protected":false},"featured_media":11935,"comment_status":"open","ping_status":"closed","template":"","meta":{"inline_featured_image":false,"_jet_sm_ready_style":"","_jet_sm_style":"","_jet_sm_controls_values":"","_jet_sm_fonts_collection":"","_jet_sm_fonts_links":""},"product_brand":[],"product_cat":[473,463],"product_tag":[492,84,39,195,40,43,435],"class_list":{"0":"post-10603","1":"product","2":"type-product","3":"status-publish","4":"has-post-thumbnail","6":"product_cat-nyheter","7":"product_cat-trending","8":"product_tag-maiantrekk","9":"product_tag-aw24","10":"product_tag-dress","11":"product_tag-ginny","12":"product_tag-kjole","13":"product_tag-nectar-shop","14":"product_tag-red-toile","15":"pif-has-gallery","17":"first","18":"instock","19":"sale","20":"taxable","21":"shipping-taxable","22":"purchasable","23":"product-type-variable"},"_links":{"self":[{"href":"https:\/\/dev.sm360.no\/nectarshop\/wp-json\/wp\/v2\/product\/10603","targetHints":{"allow":["GET"]}}],"collection":[{"href":"https:\/\/dev.sm360.no\/nectarshop\/wp-json\/wp\/v2\/product"}],"about":[{"href":"https:\/\/dev.sm360.no\/nectarshop\/wp-json\/wp\/v2\/types\/product"}],"replies":[{"embeddable":true,"href":"https:\/\/dev.sm360.no\/nectarshop\/wp-json\/wp\/v2\/comments?post=10603"}],"version-history":[{"count":1,"href":"https:\/\/dev.sm360.no\/nectarshop\/wp-json\/wp\/v2\/product\/10603\/revisions"}],"predecessor-version":[{"id":11944,"href":"https:\/\/dev.sm360.no\/nectarshop\/wp-json\/wp\/v2\/product\/10603\/revisions\/11944"}],"wp:featuredmedia":[{"embeddable":true,"href":"https:\/\/dev.sm360.no\/nectarshop\/wp-json\/wp\/v2\/media\/11935"}],"wp:attachment":[{"href":"https:\/\/dev.sm360.no\/nectarshop\/wp-json\/wp\/v2\/media?parent=10603"}],"wp:term":[{"taxonomy":"product_brand","embeddable":true,"href":"https:\/\/dev.sm360.no\/nectarshop\/wp-json\/wp\/v2\/product_brand?post=10603"},{"taxonomy":"product_cat","embeddable":true,"href":"https:\/\/dev.sm360.no\/nectarshop\/wp-json\/wp\/v2\/product_cat?post=10603"},{"taxonomy":"product_tag","embeddable":true,"href":"https:\/\/dev.sm360.no\/nectarshop\/wp-json\/wp\/v2\/product_tag?post=10603"}],"curies":[{"name":"wp","href":"https:\/\/api.w.org\/{rel}","templated":true}]}}