{"id":10819,"date":"2024-09-03T09:04:48","date_gmt":"2024-09-03T07:04:48","guid":{"rendered":""},"modified":"2025-12-16T12:29:53","modified_gmt":"2025-12-16T11:29:53","slug":"julien-linen-pants-greek-blue-1","status":"publish","type":"product","link":"https:\/\/dev.sm360.no\/nectarshop\/produkter\/julien-linen-pants-greek-blue-1\/","title":{"rendered":"Julien Linen Pants &#8211; Greek Blue"},"content":{"rendered":"","protected":false},"excerpt":{"rendered":"<p data-mce-fragment=\"1\">Fantastisk bukse i v\u00e5r deilige lin. Dette er uten tvil en hverdagsfavoritt, men ogs\u00e5 en bukse som har mulighet til \u00e5 dresses opp og brukes til festligere anledninger.\u00a0 Buksa har strikk i livet, rette bein og lommer.<\/p>\n<p>100% lin<\/p>\n<p>Onesize (str 36-42\/44)<\/p>\n<p>Jessica er 173 cm og bruker til vanlig str S<\/p>\n<p><img decoding=\"async\" src=\"https:\/\/dev.sm360.no\/nectarshop\/wp-content\/uploads\/2024\/08\/Julien_nectar_480x480.png?v=1647345399\" alt=\"\" width=\"350\" height=\"102\" \/><\/p>\n","protected":false},"featured_media":7184,"comment_status":"open","ping_status":"closed","template":"","meta":{"inline_featured_image":false,"_jet_sm_ready_style":"","_jet_sm_style":"","_jet_sm_controls_values":"","_jet_sm_fonts_collection":"","_jet_sm_fonts_links":""},"product_brand":[],"product_cat":[463,758,413,426,754],"product_tag":[244,239,61,62,43,65,241,66],"class_list":{"0":"post-10819","1":"product","2":"type-product","3":"status-publish","4":"has-post-thumbnail","6":"product_cat-trending","7":"product_cat-bukser","8":"product_cat-lin","9":"product_cat-bukser-lin","10":"product_cat-salg","11":"product_tag-gresk-blue","12":"product_tag-julien","13":"product_tag-lin","14":"product_tag-linen","15":"product_tag-nectar-shop","16":"product_tag-one-size","17":"product_tag-pants","18":"product_tag-ss24","19":"pif-has-gallery","21":"first","22":"instock","23":"sale","24":"taxable","25":"shipping-taxable","26":"purchasable","27":"product-type-simple"},"_links":{"self":[{"href":"https:\/\/dev.sm360.no\/nectarshop\/wp-json\/wp\/v2\/product\/10819","targetHints":{"allow":["GET"]}}],"collection":[{"href":"https:\/\/dev.sm360.no\/nectarshop\/wp-json\/wp\/v2\/product"}],"about":[{"href":"https:\/\/dev.sm360.no\/nectarshop\/wp-json\/wp\/v2\/types\/product"}],"replies":[{"embeddable":true,"href":"https:\/\/dev.sm360.no\/nectarshop\/wp-json\/wp\/v2\/comments?post=10819"}],"version-history":[{"count":1,"href":"https:\/\/dev.sm360.no\/nectarshop\/wp-json\/wp\/v2\/product\/10819\/revisions"}],"predecessor-version":[{"id":28179,"href":"https:\/\/dev.sm360.no\/nectarshop\/wp-json\/wp\/v2\/product\/10819\/revisions\/28179"}],"wp:featuredmedia":[{"embeddable":true,"href":"https:\/\/dev.sm360.no\/nectarshop\/wp-json\/wp\/v2\/media\/7184"}],"wp:attachment":[{"href":"https:\/\/dev.sm360.no\/nectarshop\/wp-json\/wp\/v2\/media?parent=10819"}],"wp:term":[{"taxonomy":"product_brand","embeddable":true,"href":"https:\/\/dev.sm360.no\/nectarshop\/wp-json\/wp\/v2\/product_brand?post=10819"},{"taxonomy":"product_cat","embeddable":true,"href":"https:\/\/dev.sm360.no\/nectarshop\/wp-json\/wp\/v2\/product_cat?post=10819"},{"taxonomy":"product_tag","embeddable":true,"href":"https:\/\/dev.sm360.no\/nectarshop\/wp-json\/wp\/v2\/product_tag?post=10819"}],"curies":[{"name":"wp","href":"https:\/\/api.w.org\/{rel}","templated":true}]}}