{"id":11663,"date":"2024-11-23T09:10:01","date_gmt":"2024-11-23T08:10:01","guid":{"rendered":"https:\/\/dev.sm360.no\/nectarshop\/products\/thea-dress-natural\/"},"modified":"2025-09-15T12:30:33","modified_gmt":"2025-09-15T10:30:33","slug":"thea-dress-natural","status":"publish","type":"product","link":"https:\/\/dev.sm360.no\/nectarshop\/produkter\/thea-dress-natural\/","title":{"rendered":"Thea Dress &#8211; Natural"},"content":{"rendered":"<p>&nbsp;<\/p>\n<p>&nbsp;<\/p>\n","protected":false},"excerpt":{"rendered":"<p>Lekker og klassisk kjole med fine detaljer p\u00e5 ermene og fronten. Kjolen g\u00e5r til kn\u00e6rne og er i en herlig lin- og bomullsblanding.<\/p>\n<p>50% lin, 50% bomull<\/p>\n<p>Dorte er 176 cm og bruker str XS<\/p>\n","protected":false},"featured_media":9353,"comment_status":"open","ping_status":"closed","template":"","meta":{"inline_featured_image":false,"_jet_sm_ready_style":"","_jet_sm_style":"","_jet_sm_controls_values":"","_jet_sm_fonts_collection":"","_jet_sm_fonts_links":""},"product_brand":[],"product_cat":[413,463],"product_tag":[492,91,107,39,61,43,66,122],"class_list":{"0":"post-11663","1":"product","2":"type-product","3":"status-publish","4":"has-post-thumbnail","6":"product_cat-lin","7":"product_cat-trending","8":"product_tag-maiantrekk","9":"product_tag-bomull","10":"product_tag-cotton","11":"product_tag-dress","12":"product_tag-lin","13":"product_tag-nectar-shop","14":"product_tag-ss24","15":"product_tag-summer","16":"pif-has-gallery","18":"first","19":"instock","20":"sale","21":"taxable","22":"shipping-taxable","23":"purchasable","24":"product-type-variable"},"_links":{"self":[{"href":"https:\/\/dev.sm360.no\/nectarshop\/wp-json\/wp\/v2\/product\/11663","targetHints":{"allow":["GET"]}}],"collection":[{"href":"https:\/\/dev.sm360.no\/nectarshop\/wp-json\/wp\/v2\/product"}],"about":[{"href":"https:\/\/dev.sm360.no\/nectarshop\/wp-json\/wp\/v2\/types\/product"}],"replies":[{"embeddable":true,"href":"https:\/\/dev.sm360.no\/nectarshop\/wp-json\/wp\/v2\/comments?post=11663"}],"version-history":[{"count":0,"href":"https:\/\/dev.sm360.no\/nectarshop\/wp-json\/wp\/v2\/product\/11663\/revisions"}],"wp:featuredmedia":[{"embeddable":true,"href":"https:\/\/dev.sm360.no\/nectarshop\/wp-json\/wp\/v2\/media\/9353"}],"wp:attachment":[{"href":"https:\/\/dev.sm360.no\/nectarshop\/wp-json\/wp\/v2\/media?parent=11663"}],"wp:term":[{"taxonomy":"product_brand","embeddable":true,"href":"https:\/\/dev.sm360.no\/nectarshop\/wp-json\/wp\/v2\/product_brand?post=11663"},{"taxonomy":"product_cat","embeddable":true,"href":"https:\/\/dev.sm360.no\/nectarshop\/wp-json\/wp\/v2\/product_cat?post=11663"},{"taxonomy":"product_tag","embeddable":true,"href":"https:\/\/dev.sm360.no\/nectarshop\/wp-json\/wp\/v2\/product_tag?post=11663"}],"curies":[{"name":"wp","href":"https:\/\/api.w.org\/{rel}","templated":true}]}}