{"id":12379,"date":"2025-09-13T12:50:52","date_gmt":"2025-09-13T10:50:52","guid":{"rendered":"https:\/\/dev.sm360.no\/nectarshop\/?post_type=product&#038;p=12379"},"modified":"2025-10-14T05:51:03","modified_gmt":"2025-10-14T03:51:03","slug":"moby-jacket-diamondspearls-bottle-green","status":"publish","type":"product","link":"https:\/\/dev.sm360.no\/nectarshop\/produkter\/moby-jacket-diamondspearls-bottle-green\/","title":{"rendered":"Moby Jacket Diamonds&#038;Pearls &#8211; Bottle Green"},"content":{"rendered":"<p><img fetchpriority=\"high\" decoding=\"async\" class=\"alignnone size-medium wp-image-12501\" src=\"https:\/\/dev.sm360.no\/nectarshop\/wp-content\/uploads\/2024\/09\/unnamed-33-300x214.jpg\" alt=\"\" width=\"300\" height=\"214\" srcset=\"https:\/\/dev.sm360.no\/nectarshop\/wp-content\/uploads\/2024\/09\/unnamed-33-300x214.jpg 300w, https:\/\/dev.sm360.no\/nectarshop\/wp-content\/uploads\/2024\/09\/unnamed-33-64x46.jpg 64w, https:\/\/dev.sm360.no\/nectarshop\/wp-content\/uploads\/2024\/09\/unnamed-33-768x549.jpg 768w, https:\/\/dev.sm360.no\/nectarshop\/wp-content\/uploads\/2024\/09\/unnamed-33-370x265.jpg 370w, https:\/\/dev.sm360.no\/nectarshop\/wp-content\/uploads\/2024\/09\/unnamed-33-600x429.jpg 600w, https:\/\/dev.sm360.no\/nectarshop\/wp-content\/uploads\/2024\/09\/unnamed-33-80x57.jpg 80w, https:\/\/dev.sm360.no\/nectarshop\/wp-content\/uploads\/2024\/09\/unnamed-33.jpg 827w\" sizes=\"(max-width: 300px) 100vw, 300px\" \/><\/p>\n<p>Merk at brystm\u00e5l m\u00e5 ganges med to (dobles) for \u00e5 f\u00e5 omkretsen<\/p>\n","protected":false},"excerpt":{"rendered":"<p>Helt fantastisk jakke i det deiligste stoffet med masse stretch og lekker passform. Jakken er perfekt over alle v\u00e5re kjoler, men ogs\u00e5 over buksene i samme serie, skinnbukser, skj\u00f8rt og jeans. Den har lekre knapper med \u00abdiamanter\u00bb og perler.<\/p>\n<p>Ponte di Roma<\/p>\n<p>Hedda er 178 cm og bruker str S<\/p>\n<p>Hanne er173 cm og bruker str. M<\/p>\n","protected":false},"featured_media":26061,"comment_status":"open","ping_status":"closed","template":"","meta":{"inline_featured_image":false,"_jet_sm_ready_style":"","_jet_sm_style":"","_jet_sm_controls_values":"","_jet_sm_fonts_collection":"","_jet_sm_fonts_links":""},"product_brand":[],"product_cat":[473,463],"product_tag":[620],"class_list":{"0":"post-12379","1":"product","2":"type-product","3":"status-publish","4":"has-post-thumbnail","6":"product_cat-nyheter","7":"product_cat-trending","8":"product_tag-moby-bottle-green","9":"pif-has-gallery","11":"first","12":"instock","13":"sale","14":"taxable","15":"shipping-taxable","16":"purchasable","17":"product-type-variable"},"_links":{"self":[{"href":"https:\/\/dev.sm360.no\/nectarshop\/wp-json\/wp\/v2\/product\/12379","targetHints":{"allow":["GET"]}}],"collection":[{"href":"https:\/\/dev.sm360.no\/nectarshop\/wp-json\/wp\/v2\/product"}],"about":[{"href":"https:\/\/dev.sm360.no\/nectarshop\/wp-json\/wp\/v2\/types\/product"}],"replies":[{"embeddable":true,"href":"https:\/\/dev.sm360.no\/nectarshop\/wp-json\/wp\/v2\/comments?post=12379"}],"version-history":[{"count":0,"href":"https:\/\/dev.sm360.no\/nectarshop\/wp-json\/wp\/v2\/product\/12379\/revisions"}],"wp:featuredmedia":[{"embeddable":true,"href":"https:\/\/dev.sm360.no\/nectarshop\/wp-json\/wp\/v2\/media\/26061"}],"wp:attachment":[{"href":"https:\/\/dev.sm360.no\/nectarshop\/wp-json\/wp\/v2\/media?parent=12379"}],"wp:term":[{"taxonomy":"product_brand","embeddable":true,"href":"https:\/\/dev.sm360.no\/nectarshop\/wp-json\/wp\/v2\/product_brand?post=12379"},{"taxonomy":"product_cat","embeddable":true,"href":"https:\/\/dev.sm360.no\/nectarshop\/wp-json\/wp\/v2\/product_cat?post=12379"},{"taxonomy":"product_tag","embeddable":true,"href":"https:\/\/dev.sm360.no\/nectarshop\/wp-json\/wp\/v2\/product_tag?post=12379"}],"curies":[{"name":"wp","href":"https:\/\/api.w.org\/{rel}","templated":true}]}}