{"id":19030,"date":"2025-05-23T11:47:07","date_gmt":"2025-05-23T09:47:07","guid":{"rendered":"https:\/\/dev.sm360.no\/nectarshop\/?post_type=product&#038;p=19030"},"modified":"2025-08-13T17:15:33","modified_gmt":"2025-08-13T15:15:33","slug":"selma-skirt-black","status":"publish","type":"product","link":"https:\/\/dev.sm360.no\/nectarshop\/produkter\/selma-skirt-black\/","title":{"rendered":"Selma skirt &#8211; Black"},"content":{"rendered":"<p><img fetchpriority=\"high\" decoding=\"async\" src=\"https:\/\/dev.sm360.no\/nectarshop\/wp-content\/uploads\/2025\/01\/95d24274-7fe3-4633-8de6-04a8c194ef80-300x214.jpeg\" alt=\"\" width=\"300\" height=\"214\" class=\"alignnone size-medium wp-image-17725\" srcset=\"https:\/\/dev.sm360.no\/nectarshop\/wp-content\/uploads\/2025\/01\/95d24274-7fe3-4633-8de6-04a8c194ef80-300x214.jpeg 300w, https:\/\/dev.sm360.no\/nectarshop\/wp-content\/uploads\/2025\/01\/95d24274-7fe3-4633-8de6-04a8c194ef80-64x46.jpeg 64w, https:\/\/dev.sm360.no\/nectarshop\/wp-content\/uploads\/2025\/01\/95d24274-7fe3-4633-8de6-04a8c194ef80-768x549.jpeg 768w, https:\/\/dev.sm360.no\/nectarshop\/wp-content\/uploads\/2025\/01\/95d24274-7fe3-4633-8de6-04a8c194ef80-370x265.jpeg 370w, https:\/\/dev.sm360.no\/nectarshop\/wp-content\/uploads\/2025\/01\/95d24274-7fe3-4633-8de6-04a8c194ef80-600x429.jpeg 600w, https:\/\/dev.sm360.no\/nectarshop\/wp-content\/uploads\/2025\/01\/95d24274-7fe3-4633-8de6-04a8c194ef80-80x57.jpeg 80w, https:\/\/dev.sm360.no\/nectarshop\/wp-content\/uploads\/2025\/01\/95d24274-7fe3-4633-8de6-04a8c194ef80.jpeg 827w\" sizes=\"(max-width: 300px) 100vw, 300px\" \/><\/p>\n","protected":false},"excerpt":{"rendered":"<p>Et fantastisk skj\u00f8rt som er helt fotsidt, har lommer i sidene og er i det deiligste stoffet. Strikk i midjen og s\u00e5 enkelt \u00e5 bare slenge p\u00e5 seg b\u00e5de til hverdag og fest. Med myke materialer og en flatterende passform, vil du f\u00f8le deg fantastisk uansett anledning. Vi elsker \u00e5 bruke det hele \u00e5ret og p\u00e5 sommeren er det perfekt med enten <a href=\"https:\/\/dev.sm360.no\/nectarshop\/products\/stella-blouse-coconut\/\">Stella Blouse \u2013 Coconut<\/a> eller feks. <a href=\"https:\/\/dev.sm360.no\/nectarshop\/products\/ella-blouse-pineapple\/\">Ella Blouse \u2013 Pineapple<\/a><\/p>\n<p>100% cotton gaze<\/p>\n<p>Hedda er 178 cm og bruker str. S<\/p>\n","protected":false},"featured_media":19746,"comment_status":"open","ping_status":"closed","template":"","meta":{"inline_featured_image":false,"_jet_sm_ready_style":"","_jet_sm_style":"","_jet_sm_controls_values":"","_jet_sm_fonts_collection":"","_jet_sm_fonts_links":""},"product_brand":[],"product_cat":[463,415,425],"product_tag":[492,43,344,201,202,42],"class_list":{"0":"post-19030","1":"product","2":"type-product","3":"status-publish","4":"has-post-thumbnail","6":"product_cat-trending","7":"product_cat-ss25","8":"product_cat-skjort","9":"product_tag-maiantrekk","10":"product_tag-nectar-shop","11":"product_tag-selma","12":"product_tag-skirt","13":"product_tag-skjort","14":"product_tag-ss25","15":"pif-has-gallery","17":"first","18":"instock","19":"sale","20":"taxable","21":"shipping-taxable","22":"purchasable","23":"product-type-variable"},"_links":{"self":[{"href":"https:\/\/dev.sm360.no\/nectarshop\/wp-json\/wp\/v2\/product\/19030","targetHints":{"allow":["GET"]}}],"collection":[{"href":"https:\/\/dev.sm360.no\/nectarshop\/wp-json\/wp\/v2\/product"}],"about":[{"href":"https:\/\/dev.sm360.no\/nectarshop\/wp-json\/wp\/v2\/types\/product"}],"replies":[{"embeddable":true,"href":"https:\/\/dev.sm360.no\/nectarshop\/wp-json\/wp\/v2\/comments?post=19030"}],"version-history":[{"count":1,"href":"https:\/\/dev.sm360.no\/nectarshop\/wp-json\/wp\/v2\/product\/19030\/revisions"}],"predecessor-version":[{"id":19769,"href":"https:\/\/dev.sm360.no\/nectarshop\/wp-json\/wp\/v2\/product\/19030\/revisions\/19769"}],"wp:featuredmedia":[{"embeddable":true,"href":"https:\/\/dev.sm360.no\/nectarshop\/wp-json\/wp\/v2\/media\/19746"}],"wp:attachment":[{"href":"https:\/\/dev.sm360.no\/nectarshop\/wp-json\/wp\/v2\/media?parent=19030"}],"wp:term":[{"taxonomy":"product_brand","embeddable":true,"href":"https:\/\/dev.sm360.no\/nectarshop\/wp-json\/wp\/v2\/product_brand?post=19030"},{"taxonomy":"product_cat","embeddable":true,"href":"https:\/\/dev.sm360.no\/nectarshop\/wp-json\/wp\/v2\/product_cat?post=19030"},{"taxonomy":"product_tag","embeddable":true,"href":"https:\/\/dev.sm360.no\/nectarshop\/wp-json\/wp\/v2\/product_tag?post=19030"}],"curies":[{"name":"wp","href":"https:\/\/api.w.org\/{rel}","templated":true}]}}