{"id":25077,"date":"2025-09-26T11:01:56","date_gmt":"2025-09-26T09:01:56","guid":{"rendered":"https:\/\/dev.sm360.no\/nectarshop\/?post_type=product&#038;p=25077"},"modified":"2025-12-16T12:25:00","modified_gmt":"2025-12-16T11:25:00","slug":"doris-long-dress-burgundy","status":"publish","type":"product","link":"https:\/\/dev.sm360.no\/nectarshop\/produkter\/doris-long-dress-burgundy\/","title":{"rendered":"Doris Long Dress &#8211; Burgundy"},"content":{"rendered":"","protected":false},"excerpt":{"rendered":"<p>En Ambrosia i partyversjon. Nydelig m\u00f8nster i stoffet. Masse vidde i skj\u00f8rtet. Lommer i sidene. Avtagbart belte som du kan velge om du \u00f8nsker \u00e5 bruke eller ikke. Like fint med som uten.\u00a0<\/p>\n<p>100% viscose<\/p>\n<p>Hanne er 173 cm og bruker str. S<\/p>\n<p>Kjolen kommer i slutten av september og kan forh\u00e5ndsbestilles n\u00e5. Husk at du ikke betaler noe f\u00f8r du f\u00e5r pakke fra oss<\/p>\n","protected":false},"featured_media":25087,"comment_status":"open","ping_status":"closed","template":"","meta":{"inline_featured_image":false,"_jet_sm_ready_style":"","_jet_sm_style":"","_jet_sm_controls_values":"","_jet_sm_fonts_collection":"","_jet_sm_fonts_links":""},"product_brand":[],"product_cat":[486,756,487,491,456],"product_tag":[515,524,533,39,154,40,265,155],"class_list":{"0":"post-25077","1":"product","2":"type-product","3":"status-publish","4":"has-post-thumbnail","6":"product_cat-aw25","7":"product_cat-kjoler-2","8":"product_cat-kjoler","9":"product_cat-party","10":"product_cat-forhandsbestillinger","11":"product_tag-aw25","12":"product_tag-burgundy","13":"product_tag-doris","14":"product_tag-dress","15":"product_tag-forhandsbestilling","16":"product_tag-kjole","17":"product_tag-long","18":"product_tag-preorder","19":"pif-has-gallery","21":"first","22":"instock","23":"taxable","24":"shipping-taxable","25":"purchasable","26":"product-type-variable"},"_links":{"self":[{"href":"https:\/\/dev.sm360.no\/nectarshop\/wp-json\/wp\/v2\/product\/25077","targetHints":{"allow":["GET"]}}],"collection":[{"href":"https:\/\/dev.sm360.no\/nectarshop\/wp-json\/wp\/v2\/product"}],"about":[{"href":"https:\/\/dev.sm360.no\/nectarshop\/wp-json\/wp\/v2\/types\/product"}],"replies":[{"embeddable":true,"href":"https:\/\/dev.sm360.no\/nectarshop\/wp-json\/wp\/v2\/comments?post=25077"}],"version-history":[{"count":1,"href":"https:\/\/dev.sm360.no\/nectarshop\/wp-json\/wp\/v2\/product\/25077\/revisions"}],"predecessor-version":[{"id":28319,"href":"https:\/\/dev.sm360.no\/nectarshop\/wp-json\/wp\/v2\/product\/25077\/revisions\/28319"}],"wp:featuredmedia":[{"embeddable":true,"href":"https:\/\/dev.sm360.no\/nectarshop\/wp-json\/wp\/v2\/media\/25087"}],"wp:attachment":[{"href":"https:\/\/dev.sm360.no\/nectarshop\/wp-json\/wp\/v2\/media?parent=25077"}],"wp:term":[{"taxonomy":"product_brand","embeddable":true,"href":"https:\/\/dev.sm360.no\/nectarshop\/wp-json\/wp\/v2\/product_brand?post=25077"},{"taxonomy":"product_cat","embeddable":true,"href":"https:\/\/dev.sm360.no\/nectarshop\/wp-json\/wp\/v2\/product_cat?post=25077"},{"taxonomy":"product_tag","embeddable":true,"href":"https:\/\/dev.sm360.no\/nectarshop\/wp-json\/wp\/v2\/product_tag?post=25077"}],"curies":[{"name":"wp","href":"https:\/\/api.w.org\/{rel}","templated":true}]}}