{"id":10603,"date":"2024-05-14T11:20:22","date_gmt":"2024-05-14T11:20:22","guid":{"rendered":"https:\/\/dev.sm360.no\/obb\/?post_type=product&#038;p=10603"},"modified":"2024-05-19T03:39:02","modified_gmt":"2024-05-19T03:39:02","slug":"wheel-cleaner-acid-free-5l-25l","status":"publish","type":"product","link":"https:\/\/dev.sm360.no\/obb\/produkt\/wheel-cleaner-acid-free-5l-25l\/","title":{"rendered":"Wheel Cleaner Acid Free (5L &#8211; 25L)"},"content":{"rendered":"<p style=\"font-weight: 400;\">WHEEL CLEANER ACID FREE \u00a0er en kraftig felgrens som effektivt fjerner skitt og bremsest\u00f8v fra felgene. Den kraftige og syrefrie felgrensen jobber raskt og effektivt selv p\u00e5 de mest skitne felgene og s\u00f8rger for at dem blir rene og pene uten \u00e5 skade dem. Denne felgrensen er utviklet for jevnlig vask og vask av ekstrem rengj\u00f8ring av skikkelige tilsmussede felger. WHEEL CLEANER ACID FREE har en spesiell formel som l\u00f8sner gjenstridig bremsest\u00f8v og vaskes lett av med h\u00f8ytrykk.<\/p>\n<p style=\"font-weight: 400;\">Under ved avspyling av felger vil ogs\u00e5 trafikkskitt bli fjernet.<br \/>\nOm du ikke har pr\u00f8vd denne felgrensen fra Vest Produkt kommer du til \u00e5 bli meget positiv overrasket!<\/p>\n<p style=\"font-weight: 400;\">\n<p style=\"font-weight: 400;\"><strong>Funksjoner og fordeler:<\/strong><\/p>\n<p style=\"font-weight: 400;\">-Kraftig rengj\u00f8ring kraft for bilhjul<\/p>\n<p style=\"font-weight: 400;\">-Hjulvask er et alkalisk produkt og inneholder ingen syrer<\/p>\n<p style=\"font-weight: 400;\">-Fjerner enkelt gjenstridig bremsest\u00f8v og veiskitt<\/p>\n<p style=\"font-weight: 400;\">-Fjerner ogs\u00e5 trafikkskitt<\/p>\n<p style=\"font-weight: 400;\">-Fungerer godt uten ber\u00f8ring ved h\u00f8ytrykksvasking<\/p>\n<p style=\"font-weight: 400;\">\n<p style=\"font-weight: 400;\">\n<p style=\"font-weight: 400;\">P\u00e5f\u00f8r hjulvask p\u00e5 det skitne hjulet.<\/p>\n<p style=\"font-weight: 400;\">La den ligge p\u00e5 overflaten i 60-120 sekunder<\/p>\n<p style=\"font-weight: 400;\">For spesielt gjenstridig skitt, ber\u00f8ringsvask om n\u00f8dvendig med en felgb\u00f8rste<\/p>\n<p style=\"font-weight: 400;\">Skyll straks grundig med vann etter 60-120 sekunders<\/p>\n<p style=\"font-weight: 400;\">M\u00e5 bare brukes i friluft eller i godt ventilert omr\u00e5de.<\/p>\n<p style=\"font-weight: 400;\">Unng\u00e5 bruk p\u00e5 ulakkerte aluminiumsfelger<\/p>\n<p style=\"font-weight: 400;\">Unng\u00e5 bruk i direkte sollys<\/p>\n","protected":false},"excerpt":{"rendered":"<p style=\"font-weight: 400;\">WHEEL CLEANER ACID FREE \u00a0er en kraftig felgrens som effektivt fjerner skitt og bremsest\u00f8v fra felgene. Den kraftige og syrefrie felgrensen jobber raskt og effektivt selv p\u00e5 de mest skitne felgene og s\u00f8rger for at dem blir rene og pene uten \u00e5 skade dem. Denne felgrensen er utviklet for jevnlig vask og vask av ekstrem rengj\u00f8ring av skikkelige tilsmussede felger.<\/p>\n","protected":false},"featured_media":11039,"template":"","meta":{"inline_featured_image":false,"site-sidebar-layout":"default","site-content-layout":"","ast-site-content-layout":"","site-content-style":"default","site-sidebar-style":"default","ast-global-header-display":"","ast-banner-title-visibility":"","ast-main-header-display":"","ast-hfb-above-header-display":"","ast-hfb-below-header-display":"","ast-hfb-mobile-header-display":"","site-post-title":"","ast-breadcrumbs-content":"","ast-featured-img":"","footer-sml-layout":"","theme-transparent-header-meta":"","adv-header-id-meta":"","stick-header-meta":"","header-above-stick-meta":"","header-main-stick-meta":"","header-below-stick-meta":"","astra-migrate-meta-layouts":"default","ast-page-background-enabled":"default","ast-page-background-meta":{"desktop":{"background-color":"var(--ast-global-color-4)","background-image":"","background-repeat":"repeat","background-position":"center center","background-size":"auto","background-attachment":"scroll","background-type":"","background-media":"","overlay-type":"","overlay-color":"","overlay-opacity":"","overlay-gradient":""},"tablet":{"background-color":"","background-image":"","background-repeat":"repeat","background-position":"center center","background-size":"auto","background-attachment":"scroll","background-type":"","background-media":"","overlay-type":"","overlay-color":"","overlay-opacity":"","overlay-gradient":""},"mobile":{"background-color":"","background-image":"","background-repeat":"repeat","background-position":"center center","background-size":"auto","background-attachment":"scroll","background-type":"","background-media":"","overlay-type":"","overlay-color":"","overlay-opacity":"","overlay-gradient":""}},"ast-content-background-meta":{"desktop":{"background-color":"var(--ast-global-color-5)","background-image":"","background-repeat":"repeat","background-position":"center center","background-size":"auto","background-attachment":"scroll","background-type":"","background-media":"","overlay-type":"","overlay-color":"","overlay-opacity":"","overlay-gradient":""},"tablet":{"background-color":"var(--ast-global-color-5)","background-image":"","background-repeat":"repeat","background-position":"center center","background-size":"auto","background-attachment":"scroll","background-type":"","background-media":"","overlay-type":"","overlay-color":"","overlay-opacity":"","overlay-gradient":""},"mobile":{"background-color":"var(--ast-global-color-5)","background-image":"","background-repeat":"repeat","background-position":"center center","background-size":"auto","background-attachment":"scroll","background-type":"","background-media":"","overlay-type":"","overlay-color":"","overlay-opacity":"","overlay-gradient":""}}},"product_brand":[],"product_cat":[161,158,162,166,159],"product_tag":[],"class_list":{"0":"post-10603","1":"product","2":"type-product","3":"status-publish","4":"has-post-thumbnail","6":"product_cat-vest-produkt-kjemi","7":"product_cat-vaskemidler","8":"product_cat-forvask","9":"product_cat-bilsjampo","10":"product_cat-andre-renseprodukter","11":"desktop-align-left","12":"tablet-align-left","13":"mobile-align-left","15":"first","16":"instock","17":"taxable","18":"shipping-taxable","19":"purchasable","20":"product-type-variable","21":"has-default-attributes"},"_links":{"self":[{"href":"https:\/\/dev.sm360.no\/obb\/wp-json\/wp\/v2\/product\/10603","targetHints":{"allow":["GET"]}}],"collection":[{"href":"https:\/\/dev.sm360.no\/obb\/wp-json\/wp\/v2\/product"}],"about":[{"href":"https:\/\/dev.sm360.no\/obb\/wp-json\/wp\/v2\/types\/product"}],"version-history":[{"count":1,"href":"https:\/\/dev.sm360.no\/obb\/wp-json\/wp\/v2\/product\/10603\/revisions"}],"predecessor-version":[{"id":11040,"href":"https:\/\/dev.sm360.no\/obb\/wp-json\/wp\/v2\/product\/10603\/revisions\/11040"}],"wp:featuredmedia":[{"embeddable":true,"href":"https:\/\/dev.sm360.no\/obb\/wp-json\/wp\/v2\/media\/11039"}],"wp:attachment":[{"href":"https:\/\/dev.sm360.no\/obb\/wp-json\/wp\/v2\/media?parent=10603"}],"wp:term":[{"taxonomy":"product_brand","embeddable":true,"href":"https:\/\/dev.sm360.no\/obb\/wp-json\/wp\/v2\/product_brand?post=10603"},{"taxonomy":"product_cat","embeddable":true,"href":"https:\/\/dev.sm360.no\/obb\/wp-json\/wp\/v2\/product_cat?post=10603"},{"taxonomy":"product_tag","embeddable":true,"href":"https:\/\/dev.sm360.no\/obb\/wp-json\/wp\/v2\/product_tag?post=10603"}],"curies":[{"name":"wp","href":"https:\/\/api.w.org\/{rel}","templated":true}]}}