{"id":10828,"date":"2024-05-14T11:20:44","date_gmt":"2024-05-14T11:20:44","guid":{"rendered":"https:\/\/dev.sm360.no\/obb\/?post_type=product&#038;p=10828"},"modified":"2024-05-14T11:20:46","modified_gmt":"2024-05-14T11:20:46","slug":"koch-chemie-gentle-snow-foam","status":"publish","type":"product","link":"https:\/\/dev.sm360.no\/obb\/produkt\/koch-chemie-gentle-snow-foam\/","title":{"rendered":"Koch-Chemie Gentle Snow Foam"},"content":{"rendered":"<div class=\"product-short-description\">\n<div id=\"row-1976097620\" class=\"row\">\n<div id=\"col-413435964\" class=\"col medium-6 small-12 large-6\">\n<div class=\"col-inner text-left box-shadow-5\">\n<div class=\"container section-title-container\">\n<h3 class=\"section-title section-title-normal\"><span class=\"section-title-main\">Gentle Snow Foam: Sjampo\/Snow Foam<\/span><\/h3>\n<\/div>\n<div class=\"icon-box featured-box icon-box-left text-left\">\n<div class=\"icon-box-img\">\n<div class=\"icon\">\n<div class=\"icon-inner\"><img decoding=\"async\" class=\"attachment-medium size-medium\" src=\"https:\/\/detailshop.no\/wp-content\/uploads\/2021\/06\/Gsf.png\" sizes=\"(max-width: 124px) 100vw, 124px\" srcset=\"https:\/\/detailshop.no\/wp-content\/uploads\/2021\/06\/Gsf.png 124w, https:\/\/detailshop.no\/wp-content\/uploads\/2021\/06\/Gsf-100x100.png 100w, https:\/\/detailshop.no\/wp-content\/uploads\/2021\/06\/Gsf-64x64.png 64w\" alt=\"\" width=\"124\" height=\"124\" \/><\/div>\n<\/div>\n<\/div>\n<div class=\"icon-box-text last-reset\">\n<p>pH-n\u00f8ytral snow foam\/b\u00f8ttes\u00e5pe for ber\u00f8ringsvask eller skumlegging med skumkanon. Nydelig duft av kirseb\u00e6r! P\u00e5 grunn av pH-verdien er den sk\u00e5nsom mot vokser og andre beskyttelser. Hvis du \u00f8nsker mer rengj\u00f8ringseffekt, sjekk ut\u00a0<a href=\"https:\/\/detailshop.no\/produkt\/koch-chemie-vorreiniger-b-5l-forvask\/\">Vorreiniger B<\/a>!<\/p>\n<\/div>\n<\/div>\n<\/div>\n<\/div>\n<div id=\"col-416224201\" class=\"col medium-6 small-12 large-6\">\n<div class=\"col-inner box-shadow-5\">\n<div class=\"is-border\"><\/div>\n<div class=\"container section-title-container\">\n<h3 class=\"section-title section-title-normal\"><span class=\"section-title-main\">Produktinformasjon<\/span><\/h3>\n<\/div>\n<p><strong>pH-verdi:\u00a0<\/strong>7,5<strong><br \/>\nBlandingsforhold:<\/strong>\u00a01:200 (5ml pr L vann).<br \/>\n<strong>Bruksomr\u00e5der:<\/strong>\u00a0Ber\u00f8ringsvask, snow foam.<br \/>\n<strong>P\u00e5f\u00f8ringsmetoder:\u00a0<\/strong>Vaskeb\u00f8tte, skumkanon.<\/p>\n<\/div>\n<\/div>\n<\/div>\n<div class=\"container section-title-container\">\n<h2 class=\"section-title section-title-normal\"><span class=\"section-title-main\">Produktbeskrivelse Koch-Chemie Gentle Snow Foam<\/span><\/h2>\n<\/div>\n<p>Gsf er en pH-n\u00f8ytral b\u00f8ttes\u00e5pe\/snow foam med god lukt, meget god glid og bra med skum. Den gj\u00f8r at h\u00e5ndvasken g\u00e5r lett som en klett! Hvis du bruker den i skumkanon kan du ogs\u00e5 \u201cbooste\u201d rengj\u00f8ringsegenskapene ved \u00e5 ha en i klunk Green Star.<\/p>\n<div class=\"container section-title-container\">\n<h2 class=\"section-title section-title-normal\"><span class=\"section-title-main\">Slik bruker du Gentle Snow Foam<\/span><\/h2>\n<\/div>\n<h4>Til h\u00e5ndvasken<\/h4>\n<p>S\u00f8rg for at bilen er forvasket, og plassert i skyggen.<\/p>\n<ol>\n<li>Bland 50ml Gsf pr. 10L vann i b\u00f8tta. Skum gjerne opp med h\u00f8ytrykkslansa nedi b\u00f8tta.<\/li>\n<li>Bruk en sk\u00e5nsom vaskehanske eller en god svamp, og vask panel for panel. Start \u00f8verst, kanalene til slutt!<\/li>\n<li>Spyl av ovenfra og ned og t\u00f8rk med et mikrofiber t\u00f8rkeh\u00e5ndkle.<\/li>\n<\/ol>\n<h4>I skumkanonen<\/h4>\n<ol>\n<li>Bland ca. 2dl og resten vann i 1L flaske til skumkanon.<\/li>\n<li>Skumlegg \u2013 nyt synet av skummet som renner av noen minutter.<\/li>\n<li>Spyl av!<\/li>\n<li>F\u00f8lg gjerne opp med en ber\u00f8ringsvask hvis bilen er ren nok til det.<\/li>\n<\/ol>\n<\/div>\n","protected":false},"excerpt":{"rendered":"<div class=\"product-short-description\">\n<p>Gsf er en pH-n\u00f8ytral shampoo for bruk i vaskeb\u00f8tta (v\u00e5r favoritt) eller skumkanon. God lukt av kirseb\u00e6r. V\u00e6r klar over at rengj\u00f8ringsevne i skumkanon ikke er all verden sammenlignet med f. eks Vorreiniger B.<\/p>\n<\/div>\n","protected":false},"featured_media":10863,"template":"","meta":{"inline_featured_image":false,"site-sidebar-layout":"default","site-content-layout":"","ast-site-content-layout":"","site-content-style":"default","site-sidebar-style":"default","ast-global-header-display":"","ast-banner-title-visibility":"","ast-main-header-display":"","ast-hfb-above-header-display":"","ast-hfb-below-header-display":"","ast-hfb-mobile-header-display":"","site-post-title":"","ast-breadcrumbs-content":"","ast-featured-img":"","footer-sml-layout":"","theme-transparent-header-meta":"","adv-header-id-meta":"","stick-header-meta":"","header-above-stick-meta":"","header-main-stick-meta":"","header-below-stick-meta":"","astra-migrate-meta-layouts":"default","ast-page-background-enabled":"default","ast-page-background-meta":{"desktop":{"background-color":"var(--ast-global-color-4)","background-image":"","background-repeat":"repeat","background-position":"center center","background-size":"auto","background-attachment":"scroll","background-type":"","background-media":"","overlay-type":"","overlay-color":"","overlay-opacity":"","overlay-gradient":""},"tablet":{"background-color":"","background-image":"","background-repeat":"repeat","background-position":"center center","background-size":"auto","background-attachment":"scroll","background-type":"","background-media":"","overlay-type":"","overlay-color":"","overlay-opacity":"","overlay-gradient":""},"mobile":{"background-color":"","background-image":"","background-repeat":"repeat","background-position":"center center","background-size":"auto","background-attachment":"scroll","background-type":"","background-media":"","overlay-type":"","overlay-color":"","overlay-opacity":"","overlay-gradient":""}},"ast-content-background-meta":{"desktop":{"background-color":"var(--ast-global-color-5)","background-image":"","background-repeat":"repeat","background-position":"center center","background-size":"auto","background-attachment":"scroll","background-type":"","background-media":"","overlay-type":"","overlay-color":"","overlay-opacity":"","overlay-gradient":""},"tablet":{"background-color":"var(--ast-global-color-5)","background-image":"","background-repeat":"repeat","background-position":"center center","background-size":"auto","background-attachment":"scroll","background-type":"","background-media":"","overlay-type":"","overlay-color":"","overlay-opacity":"","overlay-gradient":""},"mobile":{"background-color":"var(--ast-global-color-5)","background-image":"","background-repeat":"repeat","background-position":"center center","background-size":"auto","background-attachment":"scroll","background-type":"","background-media":"","overlay-type":"","overlay-color":"","overlay-opacity":"","overlay-gradient":""}}},"product_brand":[],"product_cat":[163,158,166,170],"product_tag":[],"class_list":{"0":"post-10828","1":"product","2":"type-product","3":"status-publish","4":"has-post-thumbnail","6":"product_cat-koch-chemie","7":"product_cat-vaskemidler","8":"product_cat-bilsjampo","9":"product_cat-handvask","10":"desktop-align-left","11":"tablet-align-left","12":"mobile-align-left","14":"first","15":"instock","16":"taxable","17":"shipping-taxable","18":"purchasable","19":"product-type-simple"},"_links":{"self":[{"href":"https:\/\/dev.sm360.no\/obb\/wp-json\/wp\/v2\/product\/10828","targetHints":{"allow":["GET"]}}],"collection":[{"href":"https:\/\/dev.sm360.no\/obb\/wp-json\/wp\/v2\/product"}],"about":[{"href":"https:\/\/dev.sm360.no\/obb\/wp-json\/wp\/v2\/types\/product"}],"version-history":[{"count":1,"href":"https:\/\/dev.sm360.no\/obb\/wp-json\/wp\/v2\/product\/10828\/revisions"}],"predecessor-version":[{"id":10864,"href":"https:\/\/dev.sm360.no\/obb\/wp-json\/wp\/v2\/product\/10828\/revisions\/10864"}],"wp:featuredmedia":[{"embeddable":true,"href":"https:\/\/dev.sm360.no\/obb\/wp-json\/wp\/v2\/media\/10863"}],"wp:attachment":[{"href":"https:\/\/dev.sm360.no\/obb\/wp-json\/wp\/v2\/media?parent=10828"}],"wp:term":[{"taxonomy":"product_brand","embeddable":true,"href":"https:\/\/dev.sm360.no\/obb\/wp-json\/wp\/v2\/product_brand?post=10828"},{"taxonomy":"product_cat","embeddable":true,"href":"https:\/\/dev.sm360.no\/obb\/wp-json\/wp\/v2\/product_cat?post=10828"},{"taxonomy":"product_tag","embeddable":true,"href":"https:\/\/dev.sm360.no\/obb\/wp-json\/wp\/v2\/product_tag?post=10828"}],"curies":[{"name":"wp","href":"https:\/\/api.w.org\/{rel}","templated":true}]}}