{"id":10908,"date":"2024-05-14T11:20:48","date_gmt":"2024-05-14T11:20:48","guid":{"rendered":"https:\/\/dev.sm360.no\/obb\/?post_type=product&#038;p=10908"},"modified":"2024-05-14T11:20:50","modified_gmt":"2024-05-14T11:20:50","slug":"koch-chemie-reactivation-shampoo","status":"publish","type":"product","link":"https:\/\/dev.sm360.no\/obb\/produkt\/koch-chemie-reactivation-shampoo\/","title":{"rendered":"Koch-Chemie Reactivation Shampoo"},"content":{"rendered":"<div class=\"product-short-description\">\n<div id=\"row-1976097620\" class=\"row\">\n<div id=\"col-413435964\" class=\"col medium-6 small-12 large-6\">\n<div class=\"col-inner text-left box-shadow-5\">\n<div class=\"container section-title-container\">\n<div id=\"row-1890417588\" class=\"row\">\n<div id=\"col-1235020199\" class=\"col medium-6 small-12 large-6\">\n<div class=\"col-inner text-left box-shadow-5\">\n<div class=\"container section-title-container\">\n<h3 class=\"section-title section-title-normal\"><span class=\"section-title-main\">Reactivation Shampoo<\/span><\/h3>\n<\/div>\n<div class=\"icon-box featured-box icon-box-left text-left\">\n<div class=\"icon-box-img\">\n<div class=\"icon\">\n<div class=\"icon-inner\"><img fetchpriority=\"high\" decoding=\"async\" class=\"attachment-medium size-medium\" src=\"https:\/\/detailshop.no\/wp-content\/uploads\/2023\/08\/Rs__1693278001-300x300.png\" sizes=\"(max-width: 300px) 100vw, 300px\" srcset=\"https:\/\/detailshop.no\/wp-content\/uploads\/2023\/08\/Rs__1693278001-300x300.png 300w, https:\/\/detailshop.no\/wp-content\/uploads\/2023\/08\/Rs__1693278001-1536x1536.png 924w, https:\/\/detailshop.no\/wp-content\/uploads\/2023\/08\/Rs__1693278001-150x150.png 150w, https:\/\/detailshop.no\/wp-content\/uploads\/2023\/08\/Rs__1693278001-768x767.png 768w, https:\/\/detailshop.no\/wp-content\/uploads\/2023\/08\/Rs__1693278001.png 925w, https:\/\/detailshop.no\/wp-content\/uploads\/2023\/08\/Rs__1693278001-247x247.png 247w, https:\/\/detailshop.no\/wp-content\/uploads\/2023\/08\/Rs__1693278001-510x510.png 510w, https:\/\/detailshop.no\/wp-content\/uploads\/2023\/08\/Rs__1693278001-100x100.png 100w, https:\/\/detailshop.no\/wp-content\/uploads\/2023\/08\/Rs__1693278001-64x64.png 64w\" alt=\"\" width=\"300\" height=\"300\" \/><\/div>\n<\/div>\n<\/div>\n<div class=\"icon-box-text last-reset\">\n<p>Sur shampoo for reaktivering av coatede overflater. Fjerner mineralavleiringer og s\u00f8rger for nytt liv til coatingen.<\/p>\n<\/div>\n<\/div>\n<\/div>\n<\/div>\n<div id=\"col-1200728284\" class=\"col medium-6 small-12 large-6\">\n<div class=\"col-inner box-shadow-5\">\n<div class=\"is-border\"><\/div>\n<div class=\"container section-title-container\">\n<h3 class=\"section-title section-title-normal\"><span class=\"section-title-main\">Produktinformasjon<\/span><\/h3>\n<\/div>\n<p><strong>pH-verdi:\u00a0<\/strong>1,0<strong><br \/>\nBlandingsforhold:<\/strong>\u00a01:200 (50ml pr 10L vann).<br \/>\n<strong>Bruksomr\u00e5der:<\/strong>\u00a0Ber\u00f8ringsvask<br \/>\n<strong>P\u00e5f\u00f8ringsmetoder:\u00a0<\/strong>Vaskeb\u00f8tte, skumkanon<\/p>\n<\/div>\n<\/div>\n<\/div>\n<div class=\"container section-title-container\">\n<h2 class=\"section-title section-title-normal\"><span class=\"section-title-main\">Produktbeskrivelse Koch-Chemie Reactivation Shampoo<\/span><\/h2>\n<\/div>\n<p>Rs er en skummende, sur sjampo som brukes for \u00e5 reaktivere keramiske forseglinger. Skitt som st\u00f8v, kalk og salter fjernes enkelt ved \u00e5 vaske med denne. Denne typen smuss reduserer de vannavvisende egenskapene til en keramisk coating. Godt egnet for bruk p\u00e5 lakk, glass og plastikk p\u00e5 kj\u00f8ret\u00f8yets eksteri\u00f8r.<\/p>\n<div class=\"container section-title-container\">\n<h2 class=\"section-title section-title-normal\"><span class=\"section-title-main\">Slik bruker du Reactivation Shampoo<\/span><\/h2>\n<\/div>\n<p><strong>OBS: Vi anbefaler hansker ved bruk av denne sjampoen.<\/strong><\/p>\n<p>S\u00f8rg for at bilen er forvasket tilstrekkelig, og plassert i skyggen.<\/p>\n<ol>\n<li>Bland 50ml Rs pr. 10L vann i b\u00f8tta. Skum gjerne opp med h\u00f8ytrykkslansa nedi b\u00f8tta. Ferdig blandet har l\u00f8sningen en pH p\u00e5 ca. 3,0.<\/li>\n<li>Bruk en sk\u00e5nsom vaskehanske eller en god svamp, og vask panel for panel. Start \u00f8verst, kanalene til slutt!<\/li>\n<li>Spyl av ovenfra og ned og t\u00f8rk kj\u00f8ret\u00f8yet.<\/li>\n<\/ol>\n<\/div>\n<\/div>\n<\/div>\n<\/div>\n<\/div>\n","protected":false},"excerpt":{"rendered":"<div class=\"product-short-description\">\n<p>Ren isopropanol til bruk i f. eks wipedown. Brukes etter polering, men f\u00f8r voks\/sealer\/coating. Kan med fordel tynnes ut til 1:4 (20%) med f. eks batterivann eller annet destillert vann.<\/p>\n<\/div>\n","protected":false},"featured_media":10935,"template":"","meta":{"inline_featured_image":false,"site-sidebar-layout":"default","site-content-layout":"","ast-site-content-layout":"","site-content-style":"default","site-sidebar-style":"default","ast-global-header-display":"","ast-banner-title-visibility":"","ast-main-header-display":"","ast-hfb-above-header-display":"","ast-hfb-below-header-display":"","ast-hfb-mobile-header-display":"","site-post-title":"","ast-breadcrumbs-content":"","ast-featured-img":"","footer-sml-layout":"","theme-transparent-header-meta":"","adv-header-id-meta":"","stick-header-meta":"","header-above-stick-meta":"","header-main-stick-meta":"","header-below-stick-meta":"","astra-migrate-meta-layouts":"default","ast-page-background-enabled":"default","ast-page-background-meta":{"desktop":{"background-color":"var(--ast-global-color-4)","background-image":"","background-repeat":"repeat","background-position":"center center","background-size":"auto","background-attachment":"scroll","background-type":"","background-media":"","overlay-type":"","overlay-color":"","overlay-opacity":"","overlay-gradient":""},"tablet":{"background-color":"","background-image":"","background-repeat":"repeat","background-position":"center center","background-size":"auto","background-attachment":"scroll","background-type":"","background-media":"","overlay-type":"","overlay-color":"","overlay-opacity":"","overlay-gradient":""},"mobile":{"background-color":"","background-image":"","background-repeat":"repeat","background-position":"center center","background-size":"auto","background-attachment":"scroll","background-type":"","background-media":"","overlay-type":"","overlay-color":"","overlay-opacity":"","overlay-gradient":""}},"ast-content-background-meta":{"desktop":{"background-color":"var(--ast-global-color-5)","background-image":"","background-repeat":"repeat","background-position":"center center","background-size":"auto","background-attachment":"scroll","background-type":"","background-media":"","overlay-type":"","overlay-color":"","overlay-opacity":"","overlay-gradient":""},"tablet":{"background-color":"var(--ast-global-color-5)","background-image":"","background-repeat":"repeat","background-position":"center center","background-size":"auto","background-attachment":"scroll","background-type":"","background-media":"","overlay-type":"","overlay-color":"","overlay-opacity":"","overlay-gradient":""},"mobile":{"background-color":"var(--ast-global-color-5)","background-image":"","background-repeat":"repeat","background-position":"center center","background-size":"auto","background-attachment":"scroll","background-type":"","background-media":"","overlay-type":"","overlay-color":"","overlay-opacity":"","overlay-gradient":""}}},"product_brand":[],"product_cat":[163,158,166,170],"product_tag":[],"class_list":{"0":"post-10908","1":"product","2":"type-product","3":"status-publish","4":"has-post-thumbnail","6":"product_cat-koch-chemie","7":"product_cat-vaskemidler","8":"product_cat-bilsjampo","9":"product_cat-handvask","10":"desktop-align-left","11":"tablet-align-left","12":"mobile-align-left","14":"first","15":"instock","16":"taxable","17":"shipping-taxable","18":"purchasable","19":"product-type-simple"},"_links":{"self":[{"href":"https:\/\/dev.sm360.no\/obb\/wp-json\/wp\/v2\/product\/10908","targetHints":{"allow":["GET"]}}],"collection":[{"href":"https:\/\/dev.sm360.no\/obb\/wp-json\/wp\/v2\/product"}],"about":[{"href":"https:\/\/dev.sm360.no\/obb\/wp-json\/wp\/v2\/types\/product"}],"version-history":[{"count":1,"href":"https:\/\/dev.sm360.no\/obb\/wp-json\/wp\/v2\/product\/10908\/revisions"}],"predecessor-version":[{"id":10936,"href":"https:\/\/dev.sm360.no\/obb\/wp-json\/wp\/v2\/product\/10908\/revisions\/10936"}],"wp:featuredmedia":[{"embeddable":true,"href":"https:\/\/dev.sm360.no\/obb\/wp-json\/wp\/v2\/media\/10935"}],"wp:attachment":[{"href":"https:\/\/dev.sm360.no\/obb\/wp-json\/wp\/v2\/media?parent=10908"}],"wp:term":[{"taxonomy":"product_brand","embeddable":true,"href":"https:\/\/dev.sm360.no\/obb\/wp-json\/wp\/v2\/product_brand?post=10908"},{"taxonomy":"product_cat","embeddable":true,"href":"https:\/\/dev.sm360.no\/obb\/wp-json\/wp\/v2\/product_cat?post=10908"},{"taxonomy":"product_tag","embeddable":true,"href":"https:\/\/dev.sm360.no\/obb\/wp-json\/wp\/v2\/product_tag?post=10908"}],"curies":[{"name":"wp","href":"https:\/\/api.w.org\/{rel}","templated":true}]}}