{"id":11261,"date":"2024-05-14T11:21:17","date_gmt":"2024-05-14T11:21:17","guid":{"rendered":"https:\/\/dev.sm360.no\/obb\/?post_type=product&#038;p=11261"},"modified":"2025-03-05T10:00:15","modified_gmt":"2025-03-05T10:00:15","slug":"cartec-orbi-polishing-machine-15mm-orbital","status":"publish","type":"product","link":"https:\/\/dev.sm360.no\/obb\/produkt\/cartec-orbi-polishing-machine-15mm-orbital\/","title":{"rendered":"Cartec Orbi Polishing Machine 15mm Orbital"},"content":{"rendered":"<p>EN KRAFTIG MASKIN SOM TAKLER DYPE RIPER ELLER VOKSING FOR SUPER FINISH<\/p>\n<p>Cartec sin egenproduserte DA poleringsmaskin Orbi.<br \/>\nDette er en poleringsmaskin med en r\u00e5sterkt 900W motor og 15mm utkast.<br \/>\nCartec Orbi er en DA poleringsmaskin som st\u00e5r for Dual Action, den kombinerer roterende og eksentrisk bevegelse for \u00e5 optimalisere poleringen.<br \/>\nDen kraftife motoren p\u00e5 900W kontrollerer du med hastighetsregulereren for f\u00e5 den mest presise poleringen.<br \/>\nMed stabil 15mm utkast og en vekt p\u00e5 bare 2.3kg f\u00e5r du en poleringsmaskin som jobber raskere og mer effektiv p\u00e5 overflaten uten at det g\u00e5r utover man\u00f8vrering eller ergonomien under polering.<br \/>\nDette er en poleringsmaskin laget for \u00e5 t\u00e5le lange \u00f8kter med polering med girhus i aluminium, CNC freste gir, optimalisert lufting for \u00e5 kj\u00f8le ned maskinen og kraftig str\u00f8mledning p\u00e5 6 meter.<\/p>\n<p>Orbi takler alt fra hard polering av dype riper til lett voksing av lakken, og kombinerer du den med poleringsmidler fra Cartec Refinish serien vet vi resultatet blir fantastisk.<\/p>\n","protected":false},"excerpt":{"rendered":"<div class=\"product-short-description\">\n<p>Funksjoner og fordeler:<\/p>\n<p>\u2013 Kraftig 900W motor<br \/>\n\u2013 15mm utkast<br \/>\n\u2013 5\u2033 bakplate<br \/>\n\u2013 Optimalisert lufting<br \/>\n\u2013 CE merket<br \/>\n\u2013 Ergonomisk frontgrip<br \/>\n\u2013 Girhus i aluminium<br \/>\n\u2013 CNC frest gir<\/p>\n<\/div>\n","protected":false},"featured_media":11298,"template":"","meta":{"inline_featured_image":false,"site-sidebar-layout":"default","site-content-layout":"","ast-site-content-layout":"","site-content-style":"default","site-sidebar-style":"default","ast-global-header-display":"","ast-banner-title-visibility":"","ast-main-header-display":"","ast-hfb-above-header-display":"","ast-hfb-below-header-display":"","ast-hfb-mobile-header-display":"","site-post-title":"","ast-breadcrumbs-content":"","ast-featured-img":"","footer-sml-layout":"","theme-transparent-header-meta":"","adv-header-id-meta":"","stick-header-meta":"","header-above-stick-meta":"","header-main-stick-meta":"","header-below-stick-meta":"","astra-migrate-meta-layouts":"default","ast-page-background-enabled":"default","ast-page-background-meta":{"desktop":{"background-color":"var(--ast-global-color-4)","background-image":"","background-repeat":"repeat","background-position":"center center","background-size":"auto","background-attachment":"scroll","background-type":"","background-media":"","overlay-type":"","overlay-color":"","overlay-opacity":"","overlay-gradient":""},"tablet":{"background-color":"","background-image":"","background-repeat":"repeat","background-position":"center center","background-size":"auto","background-attachment":"scroll","background-type":"","background-media":"","overlay-type":"","overlay-color":"","overlay-opacity":"","overlay-gradient":""},"mobile":{"background-color":"","background-image":"","background-repeat":"repeat","background-position":"center center","background-size":"auto","background-attachment":"scroll","background-type":"","background-media":"","overlay-type":"","overlay-color":"","overlay-opacity":"","overlay-gradient":""}},"ast-content-background-meta":{"desktop":{"background-color":"var(--ast-global-color-5)","background-image":"","background-repeat":"repeat","background-position":"center center","background-size":"auto","background-attachment":"scroll","background-type":"","background-media":"","overlay-type":"","overlay-color":"","overlay-opacity":"","overlay-gradient":""},"tablet":{"background-color":"var(--ast-global-color-5)","background-image":"","background-repeat":"repeat","background-position":"center center","background-size":"auto","background-attachment":"scroll","background-type":"","background-media":"","overlay-type":"","overlay-color":"","overlay-opacity":"","overlay-gradient":""},"mobile":{"background-color":"var(--ast-global-color-5)","background-image":"","background-repeat":"repeat","background-position":"center center","background-size":"auto","background-attachment":"scroll","background-type":"","background-media":"","overlay-type":"","overlay-color":"","overlay-opacity":"","overlay-gradient":""}}},"product_brand":[],"product_cat":[188],"product_tag":[],"class_list":{"0":"post-11261","1":"product","2":"type-product","3":"status-publish","4":"has-post-thumbnail","6":"product_cat-maskiner","7":"desktop-align-left","8":"tablet-align-left","9":"mobile-align-left","11":"first","12":"instock","13":"featured","14":"taxable","15":"shipping-taxable","16":"purchasable","17":"product-type-simple"},"_links":{"self":[{"href":"https:\/\/dev.sm360.no\/obb\/wp-json\/wp\/v2\/product\/11261","targetHints":{"allow":["GET"]}}],"collection":[{"href":"https:\/\/dev.sm360.no\/obb\/wp-json\/wp\/v2\/product"}],"about":[{"href":"https:\/\/dev.sm360.no\/obb\/wp-json\/wp\/v2\/types\/product"}],"version-history":[{"count":1,"href":"https:\/\/dev.sm360.no\/obb\/wp-json\/wp\/v2\/product\/11261\/revisions"}],"predecessor-version":[{"id":11299,"href":"https:\/\/dev.sm360.no\/obb\/wp-json\/wp\/v2\/product\/11261\/revisions\/11299"}],"wp:featuredmedia":[{"embeddable":true,"href":"https:\/\/dev.sm360.no\/obb\/wp-json\/wp\/v2\/media\/11298"}],"wp:attachment":[{"href":"https:\/\/dev.sm360.no\/obb\/wp-json\/wp\/v2\/media?parent=11261"}],"wp:term":[{"taxonomy":"product_brand","embeddable":true,"href":"https:\/\/dev.sm360.no\/obb\/wp-json\/wp\/v2\/product_brand?post=11261"},{"taxonomy":"product_cat","embeddable":true,"href":"https:\/\/dev.sm360.no\/obb\/wp-json\/wp\/v2\/product_cat?post=11261"},{"taxonomy":"product_tag","embeddable":true,"href":"https:\/\/dev.sm360.no\/obb\/wp-json\/wp\/v2\/product_tag?post=11261"}],"curies":[{"name":"wp","href":"https:\/\/api.w.org\/{rel}","templated":true}]}}