{"id":11428,"date":"2024-05-14T11:21:33","date_gmt":"2024-05-14T11:21:33","guid":{"rendered":"https:\/\/dev.sm360.no\/obb\/?post_type=product&#038;p=11428"},"modified":"2025-03-05T09:57:47","modified_gmt":"2025-03-05T09:57:47","slug":"pe-150-18-0-ec-5-0-p-set","status":"publish","type":"product","link":"https:\/\/dev.sm360.no\/obb\/produkt\/pe-150-18-0-ec-5-0-p-set\/","title":{"rendered":"PE 150 18.0-EC\/5.0 P-SET"},"content":{"rendered":"<p>Inkludert:<\/p>\n<ul>\n<li><span id=\"result_box\" lang=\"no\">1 velcro pad 150 \u00d8 350.745<\/span><\/li>\n<li>\n<div id=\"gt-res-dir-ctr\" class=\"trans-verified-button-small\" dir=\"ltr\"><span id=\"result_box\" lang=\"no\">1 polersvamp PS-O 160 434.329<\/span><\/div>\n<\/li>\n<li>\n<div id=\"gt-res-dir-ctr\" class=\"trans-verified-button-small\" dir=\"ltr\"><span id=\"result_box\" lang=\"no\">1 polersvamp PS-V 160 434.469<\/span><\/div>\n<\/li>\n<li>\n<div id=\"gt-res-dir-ctr\" class=\"trans-verified-button-small\" dir=\"ltr\"><span id=\"result_box\" lang=\"no\">1 lammeullpad TW-PT 160 376.523<\/span><\/div>\n<\/li>\n<li>\n<div id=\"gt-res-dir-ctr\" class=\"trans-verified-button-small\" dir=\"ltr\"><span id=\"result_box\" lang=\"no\">1 polerpasta P03 \/ 06-LDX 250 ml 443.298<\/span><\/div>\n<\/li>\n<li>\n<div id=\"gt-res-dir-ctr\" class=\"trans-verified-button-small\" dir=\"ltr\"><span id=\"result_box\" lang=\"no\">1 polerpasta P05 \/ 05-LDX 250 ml 443.271<\/span><\/div>\n<\/li>\n<li>\n<div id=\"gt-res-dir-ctr\" class=\"trans-verified-button-small\" dir=\"ltr\"><span id=\"result_box\" lang=\"no\">1 mikrofiberklut MW-P 376.531<\/span><\/div>\n<\/li>\n<li><span id=\"result_box\" lang=\"no\">1 h\u00e5ndtak 252.721<\/span><\/li>\n<li><span id=\"result_box\" lang=\"no\">2 batterier 5.0 Ah AP 18.0 \/ 5.0 445.894<\/span><\/li>\n<li><span id=\"result_box\" lang=\"no\">1 lader CA 10.8 \/ 18.0 417.882<\/span><\/li>\n<li><span id=\"result_box\" lang=\"no\">1\u00a0koffert L-BOXX\u00ae 238 414.093<\/span><\/li>\n<li><span id=\"result_box\" lang=\"no\">1\u00a0koffertinnlegg 459.534<\/span><\/li>\n<\/ul>\n<p>Elektronisk styringssystem (EMS) beskytter maskinen, forlenger levetiden og \u00f8ker effektiviteten<br \/>\nB\u00f8rstel\u00f8s motor med st\u00f8rre effektivitet og lengre levetid<br \/>\nLED-batterikapasitetsdisplay<br \/>\nKontinuerlig hastighetskontroll p\u00e5 bryter for en forsiktig start og l\u00e5sing for kontinuerlig drift<br \/>\nInnovativ kombinasjon av planet -og vinkelgir reduserer st\u00f8y til et absolutt minimum<br \/>\nFlatt girhusdeksel reduserer avstanden til overflaten. Maskinen kan derfor betjenes trygt i enhver stilling.<br \/>\nErgonomisk formet girhusdeksel med SoftGrip. Maskinen kan styres med presisjon og er alltid komfortabel og sikker \u00e5 holde.<br \/>\nIdeelt plassert spindell\u00e5s forhindrer driftsfeil og forstyrrer ikke grepomr\u00e5det.<br \/>\nGummiert hvilepunkt beskytter maskinen n\u00e5r den ikke er i bruk<br \/>\nLav hastighet og h\u00f8yt dreiemoment for varmef\u00f8lsomme overflater<br \/>\nIdeell for bil-, maritim- og luftfart-applikasjoner.<\/p>\n<p>&nbsp;<\/p>\n<div class=\"downloads-item\">\n<div class=\"item-icon\"><img decoding=\"async\" src=\"https:\/\/flex-tools.no\/media\/images\/downloads\/types\/pdf.png\" alt=\"pdf\" \/><a title=\"Brukerveiledning PE 150 18.0-EC\" href=\"https:\/\/flex-tools.no\/downloads\/dl\/file\/id\/149\/product\/483\/brukerveiledning_pe_150_18_0_ec.pdf\" rel=\"149\"><b>Brukerveiledning PE 150 18.0-EC<\/b><\/a><\/div>\n<p>(St\u00f8rrelse: 5.8 MB)<\/p><\/div>\n<div class=\"downloads-item\">\n<div><\/div>\n<div class=\"item-icon\"><img decoding=\"async\" src=\"https:\/\/flex-tools.no\/media\/images\/downloads\/types\/pdf.png\" alt=\"pdf\" \/><a title=\"PE 150 18.0-EC\" href=\"https:\/\/flex-tools.no\/downloads\/dl\/file\/id\/6\/product\/483\/pe_150_18_0_ec.pdf\" rel=\"6\"><b>PE 150 18.0-EC<\/b><\/a><\/div>\n<p>(St\u00f8rrelse: 1.1 MB)<\/p><\/div>\n","protected":false},"excerpt":{"rendered":"<table class=\"data-table\">\n<tbody>\n<tr>\n<th class=\"label\">Maks. paddiameter<\/th>\n<td class=\"data\">160 mm<\/td>\n<\/tr>\n<tr>\n<th class=\"label\">Maks. St\u00f8ttetallerken \u00d8<\/th>\n<td class=\"data\">150 mm<\/td>\n<\/tr>\n<tr>\n<th class=\"label\">Tomgangsturtall<\/th>\n<td class=\"data\">150-1450 \/min<\/td>\n<\/tr>\n<tr>\n<th class=\"label\">Batterispenning<\/th>\n<td class=\"data\">18.0 V<\/td>\n<\/tr>\n<tr>\n<th class=\"label\">Batterikapasitet<\/th>\n<td class=\"data\">2,5 \/ 5,0 Ah<\/td>\n<\/tr>\n<tr>\n<th class=\"label\">Verkt\u00f8yholder<\/th>\n<td class=\"data\">M14<\/td>\n<\/tr>\n<tr>\n<th class=\"label\">St\u00f8rrelse<\/th>\n<td class=\"data\">370 x 120 mm<\/td>\n<\/tr>\n<tr>\n<th class=\"label\">Vekt uten batteri<\/th>\n<td class=\"data\">1,9 kg<\/td>\n<\/tr>\n<\/tbody>\n<\/table>\n","protected":false},"featured_media":11472,"template":"","meta":{"inline_featured_image":false,"site-sidebar-layout":"default","site-content-layout":"","ast-site-content-layout":"","site-content-style":"default","site-sidebar-style":"default","ast-global-header-display":"","ast-banner-title-visibility":"","ast-main-header-display":"","ast-hfb-above-header-display":"","ast-hfb-below-header-display":"","ast-hfb-mobile-header-display":"","site-post-title":"","ast-breadcrumbs-content":"","ast-featured-img":"","footer-sml-layout":"","theme-transparent-header-meta":"","adv-header-id-meta":"","stick-header-meta":"","header-above-stick-meta":"","header-main-stick-meta":"","header-below-stick-meta":"","astra-migrate-meta-layouts":"default","ast-page-background-enabled":"default","ast-page-background-meta":{"desktop":{"background-color":"var(--ast-global-color-4)","background-image":"","background-repeat":"repeat","background-position":"center center","background-size":"auto","background-attachment":"scroll","background-type":"","background-media":"","overlay-type":"","overlay-color":"","overlay-opacity":"","overlay-gradient":""},"tablet":{"background-color":"","background-image":"","background-repeat":"repeat","background-position":"center center","background-size":"auto","background-attachment":"scroll","background-type":"","background-media":"","overlay-type":"","overlay-color":"","overlay-opacity":"","overlay-gradient":""},"mobile":{"background-color":"","background-image":"","background-repeat":"repeat","background-position":"center center","background-size":"auto","background-attachment":"scroll","background-type":"","background-media":"","overlay-type":"","overlay-color":"","overlay-opacity":"","overlay-gradient":""}},"ast-content-background-meta":{"desktop":{"background-color":"var(--ast-global-color-5)","background-image":"","background-repeat":"repeat","background-position":"center center","background-size":"auto","background-attachment":"scroll","background-type":"","background-media":"","overlay-type":"","overlay-color":"","overlay-opacity":"","overlay-gradient":""},"tablet":{"background-color":"var(--ast-global-color-5)","background-image":"","background-repeat":"repeat","background-position":"center center","background-size":"auto","background-attachment":"scroll","background-type":"","background-media":"","overlay-type":"","overlay-color":"","overlay-opacity":"","overlay-gradient":""},"mobile":{"background-color":"var(--ast-global-color-5)","background-image":"","background-repeat":"repeat","background-position":"center center","background-size":"auto","background-attachment":"scroll","background-type":"","background-media":"","overlay-type":"","overlay-color":"","overlay-opacity":"","overlay-gradient":""}}},"product_brand":[],"product_cat":[167,188],"product_tag":[],"class_list":{"0":"post-11428","1":"product","2":"type-product","3":"status-publish","4":"has-post-thumbnail","6":"product_cat-polering","7":"product_cat-maskiner","8":"desktop-align-left","9":"tablet-align-left","10":"mobile-align-left","12":"first","13":"instock","14":"taxable","15":"shipping-taxable","16":"purchasable","17":"product-type-simple"},"_links":{"self":[{"href":"https:\/\/dev.sm360.no\/obb\/wp-json\/wp\/v2\/product\/11428","targetHints":{"allow":["GET"]}}],"collection":[{"href":"https:\/\/dev.sm360.no\/obb\/wp-json\/wp\/v2\/product"}],"about":[{"href":"https:\/\/dev.sm360.no\/obb\/wp-json\/wp\/v2\/types\/product"}],"version-history":[{"count":1,"href":"https:\/\/dev.sm360.no\/obb\/wp-json\/wp\/v2\/product\/11428\/revisions"}],"predecessor-version":[{"id":11473,"href":"https:\/\/dev.sm360.no\/obb\/wp-json\/wp\/v2\/product\/11428\/revisions\/11473"}],"wp:featuredmedia":[{"embeddable":true,"href":"https:\/\/dev.sm360.no\/obb\/wp-json\/wp\/v2\/media\/11472"}],"wp:attachment":[{"href":"https:\/\/dev.sm360.no\/obb\/wp-json\/wp\/v2\/media?parent=11428"}],"wp:term":[{"taxonomy":"product_brand","embeddable":true,"href":"https:\/\/dev.sm360.no\/obb\/wp-json\/wp\/v2\/product_brand?post=11428"},{"taxonomy":"product_cat","embeddable":true,"href":"https:\/\/dev.sm360.no\/obb\/wp-json\/wp\/v2\/product_cat?post=11428"},{"taxonomy":"product_tag","embeddable":true,"href":"https:\/\/dev.sm360.no\/obb\/wp-json\/wp\/v2\/product_tag?post=11428"}],"curies":[{"name":"wp","href":"https:\/\/api.w.org\/{rel}","templated":true}]}}