{"id":11511,"date":"2024-05-14T11:21:39","date_gmt":"2024-05-14T11:21:39","guid":{"rendered":"https:\/\/dev.sm360.no\/obb\/?post_type=product&#038;p=11511"},"modified":"2024-05-14T11:21:41","modified_gmt":"2024-05-14T11:21:41","slug":"skumpalegger-1-liter","status":"publish","type":"product","link":"https:\/\/dev.sm360.no\/obb\/produkt\/skumpalegger-1-liter\/","title":{"rendered":"Skump\u00e5legger 1 LITER"},"content":{"rendered":"<p>Skump\u00e5legger med justering av s\u00e5peinnblanding som gir et meget tykt og fint skum. 1 liters beholder f\u00f8lger med.<\/p>\n<p>\u2022 Trykk (bar): 200 bar<\/p>\n<p>\u2022 Vannmengde (l\/min): 20 l\/min<\/p>\n<p>\u2022 Legering: Messing\/Rustfritt st\u00e5l<\/p>\n<p>\u2022 Tilkobling: M22 utv.gjenger<\/p>\n<p>\u2022 Dysest\u00f8rrelse: \u00d8 1,25 mm<\/p>\n<p>\u2022 Temperatur (\u00b0C): 60\u00b0C<\/p>\n<p>\u2022 Type: med justering av blandingsforhold<\/p>\n<p>\u2022 Lengde: 170 mm<\/p>\n<p>\u2022 Vekt (gram): 561 g<\/p>\n","protected":false},"excerpt":{"rendered":"<p>Skump\u00e5legger med justering av s\u00e5peinnblanding som gir et meget tykt og fint skum. 1 liters beholder f\u00f8lger med.<\/p>\n<p>\u2022 Trykk (bar): 200 bar<\/p>\n<p>\u2022 Vannmengde (l\/min): 20 l\/min<\/p>\n<p>\u2022 Legering: Messing\/Rustfritt st\u00e5l<\/p>\n<p>\u2022 Tilkobling: M22 utv.gjenger<\/p>\n<p>\u2022 Dysest\u00f8rrelse: \u00d8 1,25 mm<\/p>\n<p>\u2022 Temperatur (\u00b0C): 60\u00b0C<\/p>\n<p>\u2022 Type: med justering av blandingsforhold<\/p>\n<p>\u2022 Lengde: 170 mm<\/p>\n<p>\u2022 Vekt (gram): 561 g<\/p>\n","protected":false},"featured_media":11546,"template":"","meta":{"inline_featured_image":false,"site-sidebar-layout":"default","site-content-layout":"","ast-site-content-layout":"","site-content-style":"default","site-sidebar-style":"default","ast-global-header-display":"","ast-banner-title-visibility":"","ast-main-header-display":"","ast-hfb-above-header-display":"","ast-hfb-below-header-display":"","ast-hfb-mobile-header-display":"","site-post-title":"","ast-breadcrumbs-content":"","ast-featured-img":"","footer-sml-layout":"","theme-transparent-header-meta":"","adv-header-id-meta":"","stick-header-meta":"","header-above-stick-meta":"","header-main-stick-meta":"","header-below-stick-meta":"","astra-migrate-meta-layouts":"default","ast-page-background-enabled":"default","ast-page-background-meta":{"desktop":{"background-color":"var(--ast-global-color-4)","background-image":"","background-repeat":"repeat","background-position":"center center","background-size":"auto","background-attachment":"scroll","background-type":"","background-media":"","overlay-type":"","overlay-color":"","overlay-opacity":"","overlay-gradient":""},"tablet":{"background-color":"","background-image":"","background-repeat":"repeat","background-position":"center center","background-size":"auto","background-attachment":"scroll","background-type":"","background-media":"","overlay-type":"","overlay-color":"","overlay-opacity":"","overlay-gradient":""},"mobile":{"background-color":"","background-image":"","background-repeat":"repeat","background-position":"center center","background-size":"auto","background-attachment":"scroll","background-type":"","background-media":"","overlay-type":"","overlay-color":"","overlay-opacity":"","overlay-gradient":""}},"ast-content-background-meta":{"desktop":{"background-color":"var(--ast-global-color-5)","background-image":"","background-repeat":"repeat","background-position":"center center","background-size":"auto","background-attachment":"scroll","background-type":"","background-media":"","overlay-type":"","overlay-color":"","overlay-opacity":"","overlay-gradient":""},"tablet":{"background-color":"var(--ast-global-color-5)","background-image":"","background-repeat":"repeat","background-position":"center center","background-size":"auto","background-attachment":"scroll","background-type":"","background-media":"","overlay-type":"","overlay-color":"","overlay-opacity":"","overlay-gradient":""},"mobile":{"background-color":"var(--ast-global-color-5)","background-image":"","background-repeat":"repeat","background-position":"center center","background-size":"auto","background-attachment":"scroll","background-type":"","background-media":"","overlay-type":"","overlay-color":"","overlay-opacity":"","overlay-gradient":""}}},"product_brand":[],"product_cat":[201],"product_tag":[],"class_list":{"0":"post-11511","1":"product","2":"type-product","3":"status-publish","4":"has-post-thumbnail","6":"product_cat-skumkanoner","7":"desktop-align-left","8":"tablet-align-left","9":"mobile-align-left","11":"first","12":"instock","13":"sale","14":"taxable","15":"shipping-taxable","16":"purchasable","17":"product-type-simple"},"_links":{"self":[{"href":"https:\/\/dev.sm360.no\/obb\/wp-json\/wp\/v2\/product\/11511","targetHints":{"allow":["GET"]}}],"collection":[{"href":"https:\/\/dev.sm360.no\/obb\/wp-json\/wp\/v2\/product"}],"about":[{"href":"https:\/\/dev.sm360.no\/obb\/wp-json\/wp\/v2\/types\/product"}],"version-history":[{"count":1,"href":"https:\/\/dev.sm360.no\/obb\/wp-json\/wp\/v2\/product\/11511\/revisions"}],"predecessor-version":[{"id":11547,"href":"https:\/\/dev.sm360.no\/obb\/wp-json\/wp\/v2\/product\/11511\/revisions\/11547"}],"wp:featuredmedia":[{"embeddable":true,"href":"https:\/\/dev.sm360.no\/obb\/wp-json\/wp\/v2\/media\/11546"}],"wp:attachment":[{"href":"https:\/\/dev.sm360.no\/obb\/wp-json\/wp\/v2\/media?parent=11511"}],"wp:term":[{"taxonomy":"product_brand","embeddable":true,"href":"https:\/\/dev.sm360.no\/obb\/wp-json\/wp\/v2\/product_brand?post=11511"},{"taxonomy":"product_cat","embeddable":true,"href":"https:\/\/dev.sm360.no\/obb\/wp-json\/wp\/v2\/product_cat?post=11511"},{"taxonomy":"product_tag","embeddable":true,"href":"https:\/\/dev.sm360.no\/obb\/wp-json\/wp\/v2\/product_tag?post=11511"}],"curies":[{"name":"wp","href":"https:\/\/api.w.org\/{rel}","templated":true}]}}